8521?
3, 11, 79, 103
What are the prime factors of 82834?
2, 83, 499
List the prime factors of 5447748.
2, 3, 367, 1237
List the prime factors of 365183.
7, 13, 4013
List the prime factors of 8584194.
2, 3, 607, 2357
List the prime factors of 7234387.
7234387
List the prime factors of 209123.
209123
List the prime factors of 7333882.
2, 1657, 2213
What are the prime factors of 2332929?
3, 777643
List the prime factors of 82657.
82657
List the prime factors of 1595901.
3, 23, 101, 229
List the prime factors of 3457598.
2, 107, 151
List the prime factors of 818021.
818021
List the prime factors of 494517.
3, 164839
List the prime factors of 1967977.
11, 178907
List the prime factors of 2520346.
2, 223, 5651
List the prime factors of 29985.
3, 5, 1999
List the prime factors of 19648251.
3, 7, 11551
List the prime factors of 4901861.
619, 7919
What are the prime factors of 1976508?
2, 3, 18301
List the prime factors of 9157745.
5, 1063, 1723
What are the prime factors of 838219?
17, 49307
List the prime factors of 138792.
2, 3, 5783
What are the prime factors of 192519?
3, 21391
List the prime factors of 2612115.
3, 5, 11, 1759
List the prime factors of 285551.
7, 19, 113
List the prime factors of 3089191.
7, 19, 23227
What are the prime factors of 3469334?
2, 11, 31, 5087
What are the prime factors of 769190?
2, 5, 76919
List the prime factors of 1385059.
13, 106543
What are the prime factors of 105200?
2, 5, 263
List the prime factors of 359727.
3, 19, 6311
List the prime factors of 214516.
2, 53629
What are the prime factors of 9984?
2, 3, 13
List the prime factors of 25203900.
2, 3, 5, 29, 2897
What are the prime factors of 333836?
2, 83459
List the prime factors of 671241.
3, 223747
What are the prime factors of 272500?
2, 5, 109
What are the prime factors of 186082?
2, 13, 17, 421
What are the prime factors of 3397075?
5, 11, 1123
List the prime factors of 18681113.
11, 17, 283, 353
List the prime factors of 4217227.
7, 602461
List the prime factors of 671235.
3, 5, 73, 613
What are the prime factors of 5202251?
5202251
What are the prime factors of 129486?
2, 3, 7, 3083
What are the prime factors of 14444215?
5, 2888843
List the prime factors of 1122465.
3, 5, 74831
What are the prime factors of 17433109?
17, 1025477
List the prime factors of 236677.
7, 33811
What are the prime factors of 8071803?
3, 896867
What are the prime factors of 2322867?
3, 774289
List the prime factors of 2085552.
2, 3, 7, 2069
List the prime factors of 699011.
67, 10433
List the prime factors of 71218.
2, 7, 5087
What are the prime factors of 80857?
7, 11551
List the prime factors of 446636.
2, 111659
What are the prime factors of 265478?
2, 132739
List the prime factors of 59609.
11, 5419
What are the prime factors of 184709?
7, 26387
List the prime factors of 1059333.
3, 11, 47, 683
List the prime factors of 123783.
3, 11, 31
What are the prime factors of 8887125?
3, 5, 13, 1823
What are the prime factors of 15408602?
2, 11, 700391
What are the prime factors of 355610?
2, 5, 43, 827
What are the prime factors of 2103414?
2, 3, 19, 18451
What are the prime factors of 92824?
2, 41, 283
List the prime factors of 91886.
2, 45943
What are the prime factors of 818505?
3, 5, 43, 47
List the prime factors of 3329375.
5, 7, 761
What are the prime factors of 131718?
2, 3, 29, 757
What are the prime factors of 114716?
2, 7, 17, 241
List the prime factors of 1512513.
3, 71, 263
List the prime factors of 2672744.
2, 334093
List the prime factors of 3997256.
2, 47, 10631
What are the prime factors of 5008184?
2, 29, 21587
List the prime factors of 4848830.
2, 5, 7, 113, 613
What are the prime factors of 1040322?
2, 3, 83, 2089
What are the prime factors of 725901?
3, 11, 21997
What are the prime factors of 175656?
2, 3, 13, 563
What are the prime factors of 1372637?
7, 109, 257
What are the prime factors of 7249899?
3, 23, 105071
What are the prime factors of 21928015?
5, 4385603
What are the prime factors of 345548?
2, 7, 41, 43
List the prime factors of 168640.
2, 5, 17, 31
What are the prime factors of 15231292?
2, 31, 122833
List the prime factors of 292827.
3, 97609
List the prime factors of 393252.
2, 3, 32771
What are the prime factors of 70780?
2, 5, 3539
What are the prime factors of 869114?
2, 103, 4219
List the prime factors of 534324.
2, 3, 7, 6361
List the prime factors of 30019543.
37, 503, 1613
List the prime factors of 31945.
5, 6389
What are the prime factors of 11571732?
2, 3, 127, 2531
What are the prime factors of 6078538?
2, 3039269
What are the prime factors of 5032113?
3, 199, 8429
What are the prime factors of 5816154?
2, 3, 969359
What are the prime factors of 1271469?
3, 423823
List the prime factors of 3001995.
3, 5, 37, 601
What are the prime factors of 1494102?
2, 3, 249017
List the prime factors of 5820748.
2, 23, 151, 419
List the prime factors of 22743.
3, 7, 19
What are the prime factors of 3246101?
3246101
What are the prime factors of 167525?
5, 6701
What are the prime factors of 1728746?
2, 31, 27883
List the prime factors of 1007297.
1007297
What are the prime factors of 4018001?
13, 17, 18181
What are the prime factors of 2589400?
2, 5, 11, 107
What are the prime factors of 1373418?
2, 3, 41, 1861
List the prime factors of 558381.
3, 373, 499
List the prime factors of 349341.
3, 116447
What are the prime factors of 5424122?
2, 11, 17, 14503
What are the prime factors of 7617993?
3, 19, 133649
List the prime factors of 11016001.
47, 234383
What are the prime factors of 241835?
5, 11, 4397
What are the prime factors of 8927863?
7, 109, 11701
List the prime factors of 4761419.
13, 19, 37, 521
List the prime factors of 22665262.
2, 11332631
List the prime factors of 1499448.
2, 3, 62477
What are the prime factors of 51541?
7, 37, 199
List the prime factors of 376897.
376897
What are the prime factors of 239160?
2, 3, 5, 1993
List the prime factors of 154354.
2, 71, 1087
List the prime factors of 5820755.
5, 809, 1439
What are the prime factors of 29763761?
151, 439, 449
List the prime factors of 138885.
3, 5, 47, 197
List the prime factors of 591863.
591863
List the prime factors of 3287234.
2, 1643617
List the prime factors of 1386942.
2, 3, 139, 1663
List the prime factors of 29228809.
29228809
What are the prime factors of 2371531?
31, 113, 677
List the prime factors of 73826.
2, 36913
List the prime factors of 4030523.
7, 461, 1249
What are the prime factors of 484708?
2, 7, 2473
What are the prime factors of 211106?
2, 7, 17, 887
What are the prime factors of 167815?
5, 33563
List the prime factors of 1462891.
1462891
List the prime factors of 84784.
2, 7, 757
List the prime factors of 536233.
536233
What are the prime factors of 58616?
2, 17, 431
List the prime factors of 83154.
2, 3, 13859
List the prime factors of 356487.
3, 331, 359
What are the prime factors of 4712863?
4712863
List the prime factors of 14009835.
3, 5, 7, 389
List the prime factors of 392493.
3, 41, 3191
List the prime factors of 4031112.
2, 3, 101, 1663
What are the prime factors of 4707094?
2, 7, 336221
List the prime factors of 857590.
2, 5, 191, 449
List the prime factors of 14732615.
5, 89, 33107
List the prime factors of 1118937.
3, 372979
List the prime factors of 387450.
2, 3, 5, 7, 41
List the prime factors of 21081723.
3, 13, 540557
List the prime factors of 26763.
3, 11, 811
List the prime factors of 7667964.
2, 3, 212999
List the prime factors of 1287226.
2, 79, 8147
List the prime factors of 939726.
2, 3, 17, 37, 83
List the prime factors of 4932685.
5, 19, 137, 379
List the prime factors of 2140583.
43, 67, 743
List the prime factors of 344320.
2, 5, 269
What are the prime factors of 315760?
2, 5, 3947
List the prime factors of 560058.
2, 3, 269, 347
List the prime factors of 750536.
2, 23, 4079
What are the prime factors of 980729?
980729
What are the prime factors of 522873?
3, 13, 41, 109
List the prime factors of 812686.
2, 7, 58049
What are the prime factors of 118703?
13, 23, 397
What are the prime factors of 879130?
2, 5, 7, 19, 661
List the prime factors of 8323160.
2, 5, 251, 829
What are the prime factors of 662081?
7, 94583
List the prime factors of 278361.
3, 157, 197
List the prime factors of 11275010.
2, 5, 31, 37, 983
List the prime